) = -29*a - 8. Let t(v) = -14*c(v) + 3*q(v). List the prime factors of t(i).
2, 31
What are the prime factors of (-2 + -1)*(425328/(-72) - -16)?
2, 8837
Let b(w) = 3*w - 29. Let o be b(15). Suppose -2*i + 8 = -5*l, -4*i = 6*l - 3*l - o. Let d = l - -27. List the prime factors of d.
3
Let z(x) = -27 - 6 + 8 - 23 + 11*x. What are the prime factors of z(13)?
5, 19
Suppose 3*t + 412 = p - 6*p, 4*t - 2*p = -558. Let a = 74 - t. Suppose 3*j + 30 = a. What are the prime factors of j?
61
Let y = 15004 - 8799. List the prime factors of y.
5, 17, 73
Let t(s) = -20*s + 191. Suppose 0 = -3*r + 30*r - 216. What are the prime factors of t(r)?
31
Suppose -16*t + 12*t + 6120 = 0. Suppose 2*r - 7*r + t = 0. List the prime factors of r.
2, 3, 17
Suppose 3 = -x + 3*d, -x + 4*d = -0*x + 4. Let h be (0 + 4/(-12))*x. Suppose h = 13*w - 114 - 172. What are the prime factors of w?
2, 11
List the prime factors of (7346/(-1))/(0 + (32/18 - 2)).
3, 3673
Let p = -7211 + 21604. What are the prime factors of p?
37, 389
Let a(c) = -676*c - 15814. List the prime factors of a(-81).
2, 19471
Suppose 0 = 3*o + 3*l - 5250, 4*l + 1213 = -2*o + 4709. List the prime factors of o/(13 - 7) - -7.
13, 23
Let l = -20 - -20. Suppose 3*i + 3*k = l, -5*i - 2*k + 5*k = -16. List the prime factors of i - (-129 - -6*(-1)/3).
7, 19
Let u(v) = 4*v - 24. Let m be u(6). Let y be -43 + (2 - m)*-1. Let s = y - -57. What are the prime factors of s?
2, 3
Let z be 3/9*-6 + (-8)/(-2). Let h(n) = -929*n + 929*n + n**z - 12. List the prime factors of h(-11).
109
Let b(x) be the second derivative of 1/20*x**5 - 11/12*x**4 - 1/6*x**3 - 15/2*x**2 + 0 + 11*x. What are the prime factors of b(12)?
3, 13
Suppose -2*r + 2*x = -1550, 781 = r - 25*x + 23*x. What are the prime factors of r?
769
Suppose -3*m = 4*f - 64, 5*f = -4*m + 34 + 53. Suppose -17260 = -m*l + 15780. List the prime factors of l.
2, 5, 59
Let c(m) = -m**3 + 19*m**2 + 21*m - 26. Let x be c(20). What are the prime factors of 128 + 15*(-2)/x?
7, 19
Let g(n) = -n**3 + 2*n**2 + 12*n - 3. Let w be g(-4). Suppose w*z - 51*z + 1236 = 0. List the prime factors of z.
2, 103
Suppose 3522 = d - 1172. Let p = d - 3139. What are the prime factors of p?
5, 311
Suppose -3*j = -2*n + 26, -13*j = 5*n - 8*j - 65. Suppose 0 = n*b - 27*b + 5810. List the prime factors of b.
5, 83
Let a = -39 - 5. Let q = a + 46. Suppose q*v - 270 = -v. What are the prime factors of v?
2, 3, 5
What are the prime factors of 201165*6/54 - 2/3?
7, 31, 103
Let j(r) = 603*r**2 + 22*r - 43. List the prime factors of j(2).
19, 127
List the prime factors of ((-2310)/275)/((-9923)/4960 + 2).
2, 7, 31
Suppose -2*z + 2018 = -302*a + 300*a, -5*z - a = -5063. What are the prime factors of z?
2, 11, 23
Suppose -5*f + 41935 = 11*f + 16127. What are the prime factors of f?
1613
Let y(h) = -h**3 - 5*h**2 - 7*h - 9. Let b be y(-4). List the prime factors of 187 + (-7)/21 + (-8)/b.
2, 23
Suppose 127*b - 93651 - 4165869 = 4513005. What are the prime factors of b?
3, 5, 307
Let r = -18221 - -32608. What are the prime factors of r?
14387
Let r(l) = -13*l + 7. Let g be r(0). Suppose -1278 - 2936 = -g*x. What are the prime factors of x?
2, 7, 43
What are the prime factors of 1/5 + -46*(-7212)/40?
2, 11, 13, 29
Let m = -18 - 83. Let a = m + 219. Let u = 282 - a. What are the prime factors of u?
2, 41
Suppose -498*y = -497*y + 20. List the prime factors of 9784/y*(-30)/12.
1223
Suppose -13*o + 90 = 5*o. Suppose o*t = 3*s + 1613, 2*t + 4*s - 639 = -s. What are the prime factors of t?
2, 7, 23
Suppose 0 = 43*s - 41*s + 530. Let p = s + 434. What are the prime factors of p?
13
Let x be (-4)/32 + (-22844)/32. Let g = x - -1316. What are the prime factors of g?
2, 7, 43
Suppose 1891 = 38*g - 465. List the prime factors of g.
2, 31
Let a = -602 - -2144. List the prime factors of a.
2, 3, 257
Let s = -22286 - -61370. List the prime factors of s.
2, 3, 3257
Let w(q) = -38 - 2*q - 3*q - 11*q + q**2 - 17*q. List the prime factors of w(-21).
2, 137
Let f(k) = -7*k - 127. Let u(g) = 4*g + 65. Let m(t) = -3*f(t) - 5*u(t). What are the prime factors of m(-21)?
5, 7
Let o(c) be the first derivative of -c**2 + 7*c - 11. Let h be o(-6). Suppose -20*q = -h*q - 24. List the prime factors of q.
2, 3
Suppose -32*o + 20*o + 72 = 0. What are the prime factors of o/(-1 + 118/114)?
3, 19
Let n = -48203 - -109021. List the prime factors of n.
2, 47, 647
Suppose -2*f = 5*s - 186193, -5*f + 2*s + 77129 + 388281 = 0. What are the prime factors of f?
2, 3, 7757
Let y(r) = -72*r + 6. Let d = -30 - -27. What are the prime factors of y(d)?
2, 3, 37
Let q(g) = -9*g - 30. Let w be q(-4). Let h(i) = -5*i**2 + w - 8*i**2 + 10*i + 12*i**2. What are the prime factors of h(10)?
2, 3
Suppose -61*w - 1920408 = -208*w. What are the prime factors of w?
2, 23, 71
Suppose 4*t = 2*x - 61620, -5*t - 63792 - 28641 = -3*x. What are the prime factors of x?
2, 3, 107
Suppose 18*b = 16*b - 18. What are the prime factors of (-4 - 48/b)/(4/1686)?
2, 281
Suppose -218*o = -477*o + 8164975. List the prime factors of o.
5, 13, 97
Suppose -2 = x + 25. Let r be 21 + x - (1 + -2 - 2). What are the prime factors of 6000/45 - 2/r?
2, 67
Let b(v) = -894*v**3 - 22*v**2 - 73*v + 13. List the prime factors of b(-3).
2, 6043
Suppose -372 - 112 = -44*d. Let a(h) = 2*h**2 + 4*h + 111. List the prime factors of a(d).
397
Let v(y) = -3*y**2 + 12*y + 46. Let q be v(-13). What are the prime factors of q/(-2) - (-6)/(-4)?
307
Let g(o) = -258*o + 13. Let v(r) = 2*r**3 - 3*r**2 + r - 3. Let m be v(0). What are the prime factors of g(m)?
787
Let m be (-3)/(-2)*(-72)/(-27). Suppose -f = x - 4, 2 + m = 4*x - f. Suppose x*r - 333 + 97 = 0. What are the prime factors of r?
2, 59
Suppose -4*o - 17316 = -4*p, 41*o = -5*p + 37*o + 21600. List the prime factors of p.
2, 23, 47
Let b(t) = 18*t**2 + 11*t - 405. List the prime factors of b(-20).
5, 263
Let t(m) = -173*m**2 + 2*m - 2. Let x be t(2). Let k = 1321 + x. What are the prime factors of k?
631
Let z = 27227 - 18229. What are the prime factors of z?
2, 11, 409
Suppose 1107 = -5*w + 2*d, 4*w + 32*d - 36*d + 888 = 0. Let c be (3 - 4)/((-1)/(-109)). Let t = c - w. What are the prime factors of t?
2, 7
Let d(c) = c**2 - 23*c + 16. Let v be d(23). What are the prime factors of (79/(-2))/((-8)/v)?
79
Suppose 17*y = 10*y + 9*y. Let a(u) be the first derivative of -u**2/2 + 23*u + 2. List the prime factors of a(y).
23
Suppose 2*k = -2*x + 32, 3*x = -k - x + 10. Suppose 0 = 13*p - 11*p - k. What are the prime factors of (6/p)/(22/2475)?
3, 5
What are the prime factors of -995*((-568)/40 + -11)?
2, 3, 7, 199
Suppose 1 + 0 = -f - j, 5*j = 2*f - 26. Suppose -5*g - f + 68 = 0. List the prime factors of (g - 14)/(1/(-118)).
2, 59
Let z(d) = 179*d**2 + 2*d + 8. Let v be z(-2). Suppose 5*o = -4*k + 2027, -3*k - o + 814 = -v. What are the prime factors of k?
3, 19
Let h be -5 - 33/22*(-2)/3. Let s(f) = -23*f - 11. List the prime factors of s(h).
3
Let y = -48 - -142. Let t = 371 + -343. Let a = y - t. What are the prime factors of a?
2, 3, 11
Suppose 5*n = 2*n + 12, 0 = -5*g - 2*n + 1763. Let r = 1293 - g. List the prime factors of r.
2, 3, 157
Suppose 17 = 2*l + 5*c - 0*c, -4*l = c - 25. Let w(s) = -2*s**2 + 12*s. Let d be w(l). Suppose 118 = -d*t + t. List the prime factors of t.
2, 59
Suppose 5*r + 5 = -5*g, 3*g - 2*r - 19 + 7 = 0. Suppose g*t = -0*t. What are the prime factors of 65 + -4 + t + -4?
3, 19
Let i = 41 + -33. Suppose -i*c = -2*c - 18. List the prime factors of 1/c - 2460/(-18).
137
Let c(r) = -r**2 + 10*r - 18. Let o be 9 - (-4)/((-12)/15). What are the prime factors of c(o)?
2, 3
Suppose -d + 4*j - 12 = -10, 0 = -4*d - j + 9. What are the prime factors of 102/d*(-17)/(-3)?
17
Suppose -71 = -5*x - 2*g, 5*x + g - 85 = 6*g. Suppose -x = 5*l, -8 = w + w + 4*l. Let k(a) = 27*a**3 - 4*a**2 + 5*a - 5. What are the prime factors of k(w)?
5, 41
Let k(j) = -22854*j**3 + 3*j**2 + j + 3. What are the prime factors of k(-1)?
22859
Let i be 265 + 4 + -1 + -2. Suppose 0 = k - 2*k + 3. Suppose -56 + i = k*z. What are the prime factors of z?
2, 5, 7
Suppose 0 = 4*g + 721 + 739. List the prime factors of ((-12848)/g)/((6/(-40))/(-3)).
2, 11
Suppose 45*z + 509162 = 83*z. What are the prime factors of z?
13399
Let r = -3748 - -5852. List the prime factor